{"id":129705,"date":"2023-08-16T17:58:57","date_gmt":"2023-08-16T17:58:57","guid":{"rendered":"https:\/\/h592592.web306.dogado.net\/?post_type=product&amp;p=129705"},"modified":"2023-09-14T09:48:53","modified_gmt":"2023-09-14T09:48:53","slug":"equitos-alu-paket-1-sommer-aktion","status":"publish","type":"product","link":"http:\/\/h592592.web306.dogado.net\/?product=equitos-alu-paket-1-sommer-aktion","title":{"rendered":"Equitos Alu Paket 1 &#8211; Sommer Aktion"},"content":{"rendered":"<p><strong>Ausstattungspaket 1<\/strong><\/p>\n<p>Abschlie\u00dfbare Sattelkammer mit Sattel- und Trensenhalter, Futtertr\u00f6gen herausnehmbar zum leichten bef\u00fchlen und reinigen<\/p>\n<p>Spiegel und Staunetz<\/p>\n<p>&nbsp;<\/p>\n<p>Nur in Verbindung mit der Equitos Alu 2000 Sommer Aktion<\/p>\n","protected":false},"excerpt":{"rendered":"<p>Ausstattungspaket 1 Abschlie\u00dfbare Sattelkammer mit Sattel- und Trensenhalter, Futtertr\u00f6gen herausnehmbar zum leichten bef\u00fchlen und reinigen Spiegel und Staunetz &nbsp; Nur in Verbindung mit der Equitos Alu 2000 Sommer Aktion<\/p>\n","protected":false},"featured_media":132606,"comment_status":"open","ping_status":"closed","template":"","meta":[],"product_cat":[341],"product_tag":[],"acf":[],"_links":{"self":[{"href":"http:\/\/h592592.web306.dogado.net\/index.php?rest_route=\/wp\/v2\/product\/129705"}],"collection":[{"href":"http:\/\/h592592.web306.dogado.net\/index.php?rest_route=\/wp\/v2\/product"}],"about":[{"href":"http:\/\/h592592.web306.dogado.net\/index.php?rest_route=\/wp\/v2\/types\/product"}],"replies":[{"embeddable":true,"href":"http:\/\/h592592.web306.dogado.net\/index.php?rest_route=%2Fwp%2Fv2%2Fcomments&post=129705"}],"wp:featuredmedia":[{"embeddable":true,"href":"http:\/\/h592592.web306.dogado.net\/index.php?rest_route=\/wp\/v2\/media\/132606"}],"wp:attachment":[{"href":"http:\/\/h592592.web306.dogado.net\/index.php?rest_route=%2Fwp%2Fv2%2Fmedia&parent=129705"}],"wp:term":[{"taxonomy":"product_cat","embeddable":true,"href":"http:\/\/h592592.web306.dogado.net\/index.php?rest_route=%2Fwp%2Fv2%2Fproduct_cat&post=129705"},{"taxonomy":"product_tag","embeddable":true,"href":"http:\/\/h592592.web306.dogado.net\/index.php?rest_route=%2Fwp%2Fv2%2Fproduct_tag&post=129705"}],"curies":[{"name":"wp","href":"https:\/\/api.w.org\/{rel}","templated":true}]}}