{"id":133085,"date":"2023-09-14T09:44:34","date_gmt":"2023-09-14T09:44:34","guid":{"rendered":"http:\/\/h592592.web306.dogado.net\/?post_type=product&#038;p=133085"},"modified":"2023-09-14T09:52:03","modified_gmt":"2023-09-14T09:52:03","slug":"tandem-dreiseitenkipper","status":"publish","type":"product","link":"http:\/\/h592592.web306.dogado.net\/?product=tandem-dreiseitenkipper","title":{"rendered":"Tandem Dreiseitenkipper"},"content":{"rendered":"<p>Serienm\u00e4\u00dfige Ausstattung. Hochwertig geschwei\u00dfte Stahl-Rahmenkonstruktion, komplett\u00a0im Tauchbad feuerverzinkt. Mehrere L\u00e4ngs- und Querverstrebungen f\u00fcr hohe Stabilit\u00e4t bei punktueller Belastung. Gummifederachse mit Einzelradaufh\u00e4ngung f\u00fcr besseren Fahrkomfort. 4-Rad gebremst mit R\u00fcckfahrautomatik. Profi-Longlife Bremsseile f\u00fcr l\u00e4ngere Lebensdauer und bessere Bremswirkung. V-Deichsel f\u00fcr besseren Fahrkomfort. Zugkugelkupplung mit Sicherheitsanzeige. Stahlboden, komplett im Tauchbad feuerverzinkt. Ladefl\u00e4che nach 3 Seiten klappbar. Hydraulische Elektro-Pumpe mit Antriebs-Batterie und Fernbedienung, kombiniert mit Nothandpumpe, gesch\u00fctzt verBaut unter der Ladefl\u00e4che inkl. Deckel. Aluminiumbordw\u00e4nde 35 cm hoch, an allen 4 Seiten abklappbar und abnehmbar f\u00fcr leichtes Be- und Entladen. 25 mm stark eloxiertes Bordwandprofil, somit Best\u00e4ndig gegen Witterung und Korrosion. Pendelbordwand hinten. Stahlrungen feuerverzinkt, abnehmbar. Versenkter Stahl-Riegelverschluss, verzinkt. Schienenschacht serienm\u00e4\u00dfig im Fahrgestell unter der Ladefl\u00e4che integriert. Gro\u00dfdimensionierte Sicherheitsbeleuchtung gesch\u00fctzt im Leuchtentr\u00e4ger integriert mit 13-poligen Stecker und R\u00fcckfahrscheinwerfer. Schwerlast Automatik-St\u00fctzrad. Unterlegkeile. <span style=\"text-decoration: underline. \">Ladungssicherungssystem:\u00a0. 8\u00a0Zurrb\u00fcgel innen\u00a0zur Ladungssicherung. <\/p>\n","protected":false},"excerpt":{"rendered":"<p>Tandem Dreiseitenkipper Ausf\u00fchrung. Alle Bordw\u00e4nde abnehmbar<\/p>\n","protected":false},"featured_media":132744,"comment_status":"open","ping_status":"closed","template":"","meta":[],"product_cat":[432],"product_tag":[],"acf":[],"_links":{"self":[{"href":"http:\/\/h592592.web306.dogado.net\/index.php?rest_route=\/wp\/v2\/product\/133085"}],"collection":[{"href":"http:\/\/h592592.web306.dogado.net\/index.php?rest_route=\/wp\/v2\/product"}],"about":[{"href":"http:\/\/h592592.web306.dogado.net\/index.php?rest_route=\/wp\/v2\/types\/product"}],"replies":[{"embeddable":true,"href":"http:\/\/h592592.web306.dogado.net\/index.php?rest_route=%2Fwp%2Fv2%2Fcomments&post=133085"}],"wp:featuredmedia":[{"embeddable":true,"href":"http:\/\/h592592.web306.dogado.net\/index.php?rest_route=\/wp\/v2\/media\/132744"}],"wp:attachment":[{"href":"http:\/\/h592592.web306.dogado.net\/index.php?rest_route=%2Fwp%2Fv2%2Fmedia&parent=133085"}],"wp:term":[{"taxonomy":"product_cat","embeddable":true,"href":"http:\/\/h592592.web306.dogado.net\/index.php?rest_route=%2Fwp%2Fv2%2Fproduct_cat&post=133085"},{"taxonomy":"product_tag","embeddable":true,"href":"http:\/\/h592592.web306.dogado.net\/index.php?rest_route=%2Fwp%2Fv2%2Fproduct_tag&post=133085"}],"curies":[{"name":"wp","href":"https:\/\/api.w.org\/{rel}","templated":true}]}}